(25 - 30).
3
What is the value of (-87 - -78) + 7 + (1 - 2)?
-3
0 + 2 - (1 + 1) - -3
3
(-1 - -1) + -3 + 3
0
Calculate (10 - (11 - -4)) + (0 - 0).
-5
(-2 + 3 - 0) + -3
-2
Evaluate -17 - (-20 + 12 + -5).
-4
Calculate 1 - (6 + 9 - 9).
-5
Evaluate 0 + ((18 - 5) + -2 - 3).
8
Calculate (-2 - -2) + (-32 - -35).
3
(1 - (1 - 1)) + 3 + 1
5
Evaluate (6 - 4 - 5) + 1.
-2
Calculate -3 + 0 - 0 - (-2 - -4).
-5
(1 - 2) + -1 + 0 + 0
-2
What is the value of 19 + -4 + -2 + -10?
3
What is -2 + (1 - (2 - (5 + -3)))?
-1
What is (-12 - -8) + -1 + 1?
-4
Calculate 1 + 2 + -4 + -2 + 2.
-1
Evaluate 2 + -4 + (-1 - -2).
-1
Evaluate 1 - (2 - (0 + 3)) - 0.
2
What is the value of -15 + 12 + -7 + 5?
-5
-3 + 3 + 1 + -4 - 6
-9
What is 12 + (10 - 27) - -15?
10
What is -6 + 3 + 6 + 2?
5
Calculate 0 + 7 + (-5 - 19) + 16.
-1
What is the value of 7 + -2 + -2 + 2?
5
Calculate (-26 - -20) + (1 - -5).
0
Calculate -9 + (11 - (4 - 0)) - -1.
-1
What is the value of (10 - 3 - 11) + 5?
1
What is 5 - ((-1 - (-6 - -2)) + 2)?
0
What is -2 - -1 - (-4 + 3 - -1)?
-1
Evaluate (1 - -3) + -7 + 5.
2
8 - (3 - (-4 - -4))
5
Evaluate -1 - (-6 + (0 - -3)) - -1.
3
What is -5 + (4 - (5 + -3)) + 1?
-2
Calculate -18 - (-21 - -9) - -12.
6
Evaluate -5 + -3 + 0 - -7.
-1
What is the value of 11 - 10 - (-1 - -4)?
-2
Evaluate -2 - (-5 + 9 - (2 + 0)).
-4
What is the value of 12 + (0 - ((0 - -6) + 0))?
6
0 - (5 + 1 + -14 + 3)
5
Calculate (14 - 11) + -4 + -1.
-2
(0 + -3 - -4) + 1 - 5
-3
Evaluate (-3 - -5 - 7) + (16 - 14).
-3
Calculate (4 - (6 + 5)) + -1.
-8
(6 - 1) + -10 - -6
1
Evaluate (2 - -1) + -9 - -7.
1
Calculate (-6 - (-7 - (-2 + 0))) + -3.
-4
Evaluate 1 + 6 - (5 - 9 - -2).
9
What is the value of -7 + 0 - (-12 - -7)?
-2
What is the value of 1 - ((0 - (3 - 1)) + 0)?
3
(25 - 29) + (1 - (-1 - -2))
-4
What is -2 + 2 + (-2 - 1)?
-3
Evaluate (-1 - (5 - 3)) + 4 + -6.
-5
Calculate 3 + (3 - 5) - 4 - -2.
-1
1 + (-3 - -5) + -4 + 3
2
What is -9 - -3 - (6 - 10 - -5)?
-7
What is 0 + -1 - (-117 - -120)?
-4
What is the value of 7 - 14 - (-4 + 2 - 1)?
-4
Calculate (-3 - -11) + (-8 - -2).
2
What is the value of -5 + 1 + (-9 - -5)?
-8
32 + -30 - (2 + -1)
1
What is -1 + (1 + -1 - (-2 - -3))?
-2
What is (-1 - -2) + (-5 - (-5 + -2))?
3
Calculate -2 + 2 + (8 - 8) + -3.
-3
What is 2 + 1 - 6 - -2 - -6?
5
(-3 - 5) + 31 + -30
-7
Calculate (-1 - -1) + 1 + -4.
-3
What is -19 - (4 + 4 - 17)?
-10
What is the value of (4 - 1 - 7) + 3 + 0?
-1
Evaluate -4 + 5 + (5 - 6).
0
Calculate 0 + -1 + 8 + -10.
-3
What is -1 + -6 + 4 - 0?
-3
Calculate -15 - ((-10 + -1 - -8) + -1).
-11
What is the value of -9 - -5 - (5 + -5 - 2)?
-2
0 - -2 - (-36 + 37) - 5
-4
Evaluate -9 - (-7 - (-2 - -2)).
-2
What is -10 - (-13 + -6 + 4)?
5
-30 - -37 - (-3 - 1 - -18)
-7
Evaluate -5 + 0 + (13 - 13).
-5
Calculate -2 + -6 + 8 + 0 + 7.
7
6 + (0 - (-7 + 7))
6
Evaluate -1 + 4 + 0 + -2.
1
1 - (3 + 4) - -13
7
What is the value of 4 + (-15 + 9 - -1)?
-1
Calculate 3 + 0 - ((-9 - -2) + 1).
9
What is the value of 1 - ((-2 - 3) + 5 + -3)?
4
What is (-3 - 5) + 7 + 1?
0
Calculate (12 - 9 - 3) + (0 - -7).
7
Calculate 14 + -16 - (-2 - 0 - 2).
2
-6 + (-4 - -7 - -3) - 1
-1
Calculate -8 + -2 - (-11 - (15 + -23)).
-7
Calculate -5 + 2 + -2 + (9 - 3).
1
What is the value of 4 + 4 - (1 + 2 - -6)?
-1
-6 + 2 - (4 + -9)
1
What is the value of -4 + -6 + 5 + 11 + -5?
1
What is the value of 345 + -330 + (-7 - 0) + 0?
8
3 + (-3 - 4 - -2)
-2
What is (-4 - (-10 - -8)) + -5?
-7
Calculate -17 + 12 + -8 - -22.
9
What is (-8 - -6) + (-1 - 2) + 0?
-5
What is 8 - (7 - (-13 + 6))?
-6
Calculate 0 + (4 + -2 - 2 - 3).
-3
Calculate (-5 - (-7 - -8)) + 6.
0
What is -1 + -9 + 4 + 4?
-2
What is the value of 2 + (2 - 2) - (-8 - -10)?
0
What is the value of -1 - ((-9 - (4 + -7)) + 6)?
-1
What is 1 + (-2 - 0) + 0?
-1
Evaluate 3 + -9 + (1 - -4) + 7.
6
What is (-1 - -1) + -8 + 7?
-1
What is the value of 0 + -4 + (-3 + 4 - 1)?
-4
Evaluate (-6 - 4) + 10 - (1 + -6).
5
What is the value of 18 - 0 - (-12 + 23)?
7
What is the value of -1 - -1 - (98 - 92)?
-6
Calculate -3 + (5 - 4) + 2 + -3.
-3
-2 + (-1 - -2 - -8) + -1
6
Calculate -8 + 11 - (7 + -1).
-3
Calculate 6 + (-8 + 9 - 6) + -6.
-5
What is the value of -4 + (1 - (1 + 0)) - -1?
-3
Evaluate 7 + -7 + 8 - 5.
3
What is the value of 0 + (-9 + 4 - -1)?
-4
7 - (3 + -4) - 11
-3
What is -7 + (3 - (-5 - -5))?
-4
Evaluate (2 - 4) + -2 + 4.
0
Calculate -21 + 15 - (-4 + 1).
-3
Calculate 4 + 10 + -3 + (-4 - 2).
5
Evaluate 5 - -1 - (13 + -25 - -18).
0
Calculate 31 + -18 + -17 + 0.
-4
Calculate (-1 + -1 - 2) + 5.
1
What is (3 - 0) + 1 - (9 + -1)?
-4
Evaluate 2 + 5 + -9 + 6 + 1.
5
(1 - 4) + (-30 - -26)
-7
Calculate (-1 + 2 - (-4 - 1)) + -3.
3
What is the value of 0 - (-5 - -17 - 15)?
3
What is the value of -3 + (-3 - -1) + -2?
-7
Calculate 8 - (3 - 1) - (2 + -2).
6
(0 - -14) + -4 - 6
4
What is 2 + (5 - 1) - (-2 + 4)?
4
What is -13 + (-2 - -33 - 9)?
9
Evaluate (-19 - -2) + 42 + -31.
-6
Calculate -2 + 1 + 2 + 20 + -19.
2
Calculate -3 - (-5 + 6) - -4 - -4.
4
Calculate 5 - 2 - 2 - (8 - 4).
-3
Calculate -4 - (0 - 13) - (7 + 0).
2
What is the value of -2 + -5 - (-5 - (5 - 7))?
-4
What is the value of (2 - (9 - 8)) + 0 + 2?
3
What is 2 - 4 - (-3 - 5)?
6
What is the value of (-1 - (-2 - -2)) + (-2 - 2)?
-5
What is (3 - (3 - -1)) + 0 + -3?
-4
-22 + 14 - (-2 - 6)
0
13 + -20 - (0 - 4)
-3
Evaluate (-1 - 1) + (0 - -7).
5
Calculate 7 - (7 + (5 - 3)).
-2
Evaluate -6 + (12 - (8 - -3)).
-5
(0 - -1) + 3 - (3 - 1)
2
Calculate 58 + -54 + -1 + -1 + 1.
3
-6 + (7 - (-2 + 0 - -5))
-2
Calculate 20 - 22 - (1 - (1 + -2)).
-4
(-4 - -3 - (0 + 4)) + 4
-1
What is the value of -22 - -20 - (2 + 0 + -3)?
-1
(-1 + 3 - (-7 - -3)) + -2
4
Calculate 6 + 3 + 3 + (-6 - 4).
2
Evaluate 3 - -6 - 8 - (0 + 9).
-8
What is the value of -1 + 8 + -4 - 8?
-5
What is 4 + 1 + 1 + -2?
4
Calculate (0 + -1 - (-15 - -10)) + 5.
9
Evaluate ((12 - 1) + -5 - 1) + 1.
6
What is the value of 13 - (-10 - -20) - 1?
2
What is the value of 12 + (7 - -1) + -13?
7
What is the value of 1 - 6 - (-69 + 69)?
-5
What is 2 - (0 - (-3 - (1 + -3)))?
1
-6 + 3 + 5 - -1
3
What is -4 - -4 - 1 - -4?
3
What is 4 + (-4 - -6) + -1?
5
Evaluate -5 - -1 - 4 - -6.
-2
What is the value of 20 + -11 + 4 - 4?
9
-2 - -6 - (7 - (6 + -5))
-2
Calculate 1 - (-8 + 6) - -2.
5
Calculate (4 - (1 + 3)) + (-5 - -3).
-2
Calculate -8 - (-10 - -5) - (-1 + 1).
-3
3 + (-2 - -3) - (6 + -5)
3
-30 + 36 - (3 - 2)
5
Evaluate 11 + -3 - (17 - 5).
-4
-4 - (2 - 4) - 7
-9
What is the value of 8 + -4 + -4 + 4?
4
-5 + (1 - 3 - -6) + -5
-6
What is the value of -5 + (-2 - 2 - -12)?
3
What is -1 - 3 - (1 + -3 - 4)?
2
Calculate -1 - ((1 - -5) + -8).
1
What is the value of 5 + 2 - (6 - (-8 - -3))?
-4
What is -4 + -3 + 2 - (3 + -10)?
2
Calculate (1 - 4) + 4 - 4.
-3
(0 - (2 + -2)) + 1 - -3
4
What is the value of 5 + 4 + -1 + -2?
6
3 + 0 + (3 - -4) - 3
7
Evaluate 0 + 4 - (6 + 0 - 1).
-1
Calculate -11 - -14 - (1 - 1).
3
Calculate 3 + (-4 - -6) - (2 - 1).
4
-4 - (-2 + 1 + 0 + -4)
1
4 - (-1 + 4 - 0) - 1
0
What is (-6 - -6) + (2 - -1) + -2?
1
What is the value of (4 - 11) + 11 + -2?
2
What is 1 - (1 + -3 + 0 + 10)?
-7
What is (0 + -2 - -5) + -7?
-4
11 + -25 + 6 + 13
5
Evaluate (28 - 31) + -3 + 3 + 4.
1
Evaluate -1 - -13 - (19 - 11).
4
0 + -6 + 4 + 0 - 2
-4
(-8 - (1 - 1)) + 15
7
Evaluate -3 + (1 - (0 + -2 - -5)).
-5
Evaluate 1 + 5 + (7 - 10).
3
Calculate (-2 - -9 - 1) + -2 + -3.
1
What is 3 + 0 + -3 + 12 + -9?
3
Evaluate (0 - 3) + 6 - (-8 - -9).
2
Evaluate -13 + 4 - (-17 - -7).
1
Evaluate 6 - (-6 - (-7 + (8 - 6))).
7
(-3 - 9) + (11 - 5)
-6
Evaluate (-3 - -1) + (-53 - -55).
0
What is the value of -2 - -4 - (19 - 13)?
-4
What is the value of (2 - 2) + (22 - 19)?
3
3 + -5 + 15 + -6
7
Calculate 1 - (1 - -2 - (-6 + 13)).
5
4 + (-19 - -5) - -17
7
What is the value of 2 + (-4 + 3 - (2 - -4))?
-5
What is 0 + (7 - 17 - -5) + 0?
-5
2 + (0 - 2 - -3)
3
Calculate (-3 - (-4 + 3) - -2) + 3.
3
Evaluate -2 - (-3 - (4 - 2)) - -1.
4
Calculate (2 - (1 + 1)) + (28 - 21).
7
What is the value of -6 - (-10 - (-14 + 8))?
-2
What is -3 + (1 - -5) + (-2 - 4)?
-3
What is the value of 9 - 7 - (0 - 0)?
2
Calculate -1 + 3 + 5 + -8.
-1
Evaluate 2 + -5 + (0 - 1) + 7.
3
Calculate (-2 - -2) + (-15 - -10).
-5
1 + (6 - (2 - -1))
4
What is -2 + (2 + 4 - 4)?
0
Calculate 2 + (0 - (-1 - (2 + -5))).
0
Evaluate 0 + 2 - (2 + (-5 - -7)).
-2
Calculate (-7 + 12 - 0) +